 i(-1).
-19
Let t(n) = 1. Let d(q) = q - 12. Let i(h) = -d(h) - 6*t(h). Calculate i(7).
-1
Let g be (-10)/(-2) + (-8)/(-8). Suppose -2*k + 5 = -w, -g*k + 5*k = -5*w + 2. Let y(o) = 6*o + k + 0 + 0 - o**2 + 0. What is y(6)?
3
Suppose -41*p + 8*p = -462. Let k(i) = -i + 5. Determine k(p).
-9
Suppose 7*k - 4*k = 69. Suppose 0 = -3*v + 8 - k. Let j(q) be the second derivative of -q**3/3 - q**2/2 + 2*q. Give j(v).
9
Let s(x) = -715*x + 0 + 5 + 714*x + 1. Determine s(2).
4
Let r(y) = y**2 - y. Suppose -4*v - 19 = -3*d, 7*v + 24 = 3*v + 4*d. Let h be v + 6 + -4 + 1. Suppose -5*a + h*u = -10, 4*u + 20 = -4*a + 2*a. What is r(a)?
0
Let x(f) = 3*f**2 - f. Let h be x(-1). Let p(b) = -h*b - 18*b**3 + 4*b**2 - 26*b**3 + 3*b - 2 + 45*b**3. Calculate p(-3).
10
Let d(w) be the first derivative of 1/4*w**4 + 2*w**3 - 9*w - 11 - w**2. Let b = 28 - 34. Give d(b).
3
Suppose -n - 15 + 7 = 0. Let z(q) = 6*q**2 + 1. Let p(t) = -19*t**2 - 3. Let w(h) = n*z(h) - 3*p(h). Give w(-1).
10
Let n(k) = -k**2 - 16*k - 37. Suppose -316 = 16*d - 108. Give n(d).
2
Let c(o) = -4*o - 1. Let b(q) = 10*q. Let s be b(-1). Suppose 3 = a + 3*y, 5*a + 2*y + 5 = -32. Let i = a - s. Determine c(i).
-5
Let g be ((-2)/(-3))/((-70)/(-210)). Let h(f) be the third derivative of 0 + 0*f - 4*f**g - 1/6*f**3 - 5/24*f**4. What is h(2)?
-11
Let q(j) be the third derivative of -j**7/420 - 31*j**5/60 - 27*j**2. Let g(p) be the third derivative of q(p). Calculate g(-1).
12
Let k(t) be the first derivative of t**4/2 - 2*t**3/3 + 3*t**2/2 - t + 2435. Let z(p) = p**2 - 3*p - 2. Let q be z(4). Calculate k(q).
13
Let y(u) = -u**3 + 5*u**2 - u + 10. Let f be y(5). Let z(j) = f - 4 + 3 - j - 6. What is z(-3)?
1
Let v(g) = g**2 - g - 8. Let y = -18 + 15. Let u be v(y). Let r(x) = -x**2 - x + 1. Let z(o) = -5*o**2 - 2*o + 4. Let w(s) = 4*r(s) - z(s). What is w(u)?
8
Let c(d) = -d**3 + 9*d**2 + d - 4. Let h be c(9). Let q(x) = 6*x - x**2 + 0*x**2 - 1 + h*x - 6*x. Suppose -3*i + 30 = 2*i. Give q(i).
-7
Let a(r) = -3*r**2 - 5*r + 6. Let v be a(2). Suppose -70 = 2*s + 3*s. Let i = v - s. Let u(w) = w**3 + 2*w**2 + 3*w + 3. Calculate u(i).
-3
Let s(b) = 54480 + 6*b - 54480 - 2*b**2. Determine s(4).
-8
Suppose 2*i = 2*t + 16, 2*i - 6 = -2*t + 2. Let v(w) = -13 - 14 + 39 - 15 - w**2 - i*w. Determine v(-4).
5
Let z(y) = -y**2 + 4*y - 4. Let a be z(2). Suppose -4*o + 5*t + 0*t + 12 = 0, 2*t + 8 = a. Let p(l) = -2*l**3 - 3*l**2 - l - 2. Calculate p(o).
4
Let w = 1450 - 1451. Let a(n) = -n**3 + 2*n**2 + 2*n + 1. Let t be a(-1). Let s(z) = t*z - 5*z - 3*z - 1. Determine s(w).
5
Let g(s) = 3*s + 2. Suppose 3*m + 90 = -2*m. Let a = m - -17. Let w be (a - -2)*(-17 + 15). Determine g(w).
-4
Let b(c) = -c - 3*c**2 - 5*c + 3 + 4*c. Suppose 0 = 3*d + 2*d - 10. Determine b(d).
-13
Let c(y) = 1 + y + 0 + y - 3*y. Let d(u) = u**3 - 10*u**2 - 12*u + 13. Let k be d(11). Determine c(k).
-1
Let c(g) = 5*g - 2. Let z = 444 - 437. Calculate c(z).
33
Suppose 2*j - 3*r = 5, -5*j + j = -4*r. Let o(b) be the first derivative of -b**4/12 - b**3 - 3*b + 2. Let l(t) be the first derivative of o(t). Calculate l(j).
5
Let j(p) = p**2 - 6*p + 4. Let g be j(3). Let k(d) = -4*d**2 - 3*d**3 + 5*d**3 + 8*d + 3*d**3 - 5*d**3 - d**3 + 6. Determine k(g).
-9
Let n = -504 - -501. Let v(x) = 2*x - 1. Give v(n).
-7
Let j(m) = -m**2 + 39*m + 0*m**2 + 5 - 44*m. Let p be j(-5). Let d(u) = p*u - 4*u**2 - 7*u + 3*u**2. Determine d(-2).
0
Let h(m) be the first derivative of m**3/3 + 7*m**2/2 + 3*m + 1. Give h(-6).
-3
Let r(j) = 1230*j**3 + 1229*j**3 + 3 - 6*j**2 + 4*j - 2458*j**3. Suppose g - 2*w - 10 = 0, g + 5 = -5*w - 6. Determine r(g).
-13
Let i(m) be the second derivative of -m**6/120 + 7*m**4/12 - 14*m. Let x(b) be the third derivative of i(b). Let v = -3 - -4. Give x(v).
-6
Let a(m) = -4*m**2 - 10*m - 10. Let c(p) = -5*p**2 - 10*p - 9. Let i(k) = -4*a(k) + 3*c(k). Calculate i(-9).
4
Suppose 5*z + 6*f - 5*f = -40, -3*z + 3*f - 6 = 0. Let s(t) = -2*t - 13. Calculate s(z).
1
Suppose 6*z - 25 = z. Let p(s) = -4 + 8 - z + 0 + 13*s. Let a be 4/2 - 3 - 0. Give p(a).
-14
Let a(i) = 6*i + 43. Let q(m) = -m - 9. Let p(l) = 2*a(l) + 11*q(l). Give p(11).
-2
Let o(j) = 7*j**2 + 6*j - 16. Let s(b) = -10*b**2 - 9*b + 23. Let u(w) = 7*o(w) + 5*s(w). Suppose -d = 2*n - 7, -7 = n - 0*n - 3*d. What is u(n)?
-7
Let v(k) = 15*k + 9. Let i(c) = -19*c - 8. Let f(z) = 4*i(z) + 5*v(z). Determine f(7).
6
Let h(n) = 23*n**3 + n**2 + 39*n + 5. Let o(g) = 12*g**3 + g**2 + 23*g + 3. Let u(w) = -3*h(w) + 5*o(w). Determine u(1).
-9
Let a(p) = 25 + 8*p - 8 - 6 - 9. Give a(3).
26
Let x(k) be the third derivative of -k**4/24 - 2*k**3/3 + 14*k**2 + 3. What is x(4)?
-8
Let n(g) = 7*g**2 + 4*g - 9. Let i(d) = -d**2 + 1. Let b(y) = -6*i(y) - n(y). Suppose 2*s = -4*q - 11 - 9, 4*q = -s - 20. Calculate b(q).
-2
Let a(o) = -o**3 + 2*o**2 + 4*o - 1. Let y(b) = 2*b**3 - 5*b**2 - 9*b + 2. Let h(v) = -5*a(v) - 2*y(v). Let u be ((-4)/(-4))/(2*-1 + 3). Give h(u).
0
Let o be (6/(-4))/((-9)/12). Let j(f) be the third derivative of -f**6/60 + f**5/30 + f**4/24 + f**3/6 + 8*f**2. Give j(o).
-5
Let h(a) = 26*a + 20. Suppose -3*k + 27 + 21 = 0. Let f(d) = 5*d + 4. Let j(p) = k*f(p) - 3*h(p). Calculate j(-6).
-8
Let o(x) = 2*x + 3. Suppose 44 = 3*y - 124. Suppose -y = -0*l - 7*l. Let v be -4 - (-4)/(-4 + l). Determine o(v).
-3
Let h(x) = -2*x - 30. Suppose 3*u + 2*z = -40, 3*z + 18 = -10*u + 9*u. Calculate h(u).
-6
Let t(o) = 5 - 1 + 4*o - 3*o. Suppose 7*i - 50 - 111 = 0. Let b = i - 29. Give t(b).
-2
Let q = -9 - -6. Suppose -3*t = p - t - 14, 2*p - 4 = 2*t. Let i(l) = 5*l**2 + 4*l**3 - 5*l**3 + 4*l - p*l**2. Determine i(q).
6
Let b(d) be the first derivative of d**7/840 - d**6/72 + d**4/4 - 4*d**3 - 8. Let g(l) be the third derivative of b(l). Determine g(5).
6
Let g = -25 + 42. Let u = 18 - g. Let t(z) = 3*z**3 - z**2 + z - 1. Give t(u).
2
Let g(s) = -5*s**2 - 5*s - 2. Let y(j) = -6*j**2 - 5*j - 2. Let b(i) = -5*g(i) + 4*y(i). Let w = 64 - 68. Determine b(w).
-2
Let d(a) be the first derivative of -a**4/12 + a**3/6 + a**2/2 + 7*a + 11. Let q(h) be the first derivative of d(h). Determine q(-1).
-1
Suppose 0 = -0*m - m. Suppose -2*r - 2*r + 12 = m. Let l(b) = b**3 - 2*b**2 - 3*b - 1. What is l(r)?
-1
Let v(i) = 2*i - 5. Let o(a) = a - 2. Let g(z) = -z**3 - 9*z**2 + 8*z - 14. Let n be g(-10). Let b(c) = n*o(c) - 2*v(c). What is b(2)?
2
Let f(s) = 2*s**3 - 10*s**2 - 1012*s - 3*s**3 + 1012*s + 12*s**2 - 4. What is f(0)?
-4
Let z(y) = -y**3 - 8*y**2 + 10*y + 7. Suppose -29 = v + 4*i, -3*i + 47 = -3*v - 7*i. What is z(v)?
-2
Let s(m) be the third derivative of m**6/120 - m**5/20 - m**4/6 + m**3/6 - 6*m**2. Let o be (-92)/(-22) - 12/66. Give s(o).
1
Let p(q) be the second derivative of -q**3/6 + 3*q**2 - 177*q. Calculate p(6).
0
Let u = -32 - -23. Let r = u + 14. Let b(x) = 10*x**3 - 19*x**2 - 28*x + 5. Let m(s) = 7*s**3 - 13*s**2 - 19*s + 3. Let c(w) = 5*b(w) - 7*m(w). Determine c(r).
-6
Let h(s) = -s**2 - s - 2. Let b(a) = -2*a - 14. Let c be b(-12). Let q = c - 16. Let o be (-2 + -2)*q/12. What is h(o)?
-8
Let d(p) = -p**2 + 97. Let l be d(-10). Let r(q) be the second derivative of q**5/10 + q**4/3 + 3*q**2/2 + q. Give r(l).
-15
Let h(f) = -f**2 - 35*f + 115. Let y be h(-38). Let p(k) = 4*k**3 - k**2. Calculate p(y).
3
Let b(d) = -44*d**2 - 1 - 12*d**3 + 46*d**2 + 1 - 2*d. What is b(1)?
-12
Let f(y) = 2*y**2 - y - 4*y**2 + y**2. Let h be f(2). Let n(x) = 8*x + 95. Let k(z) = z + 10. Let m(a) = -10*k(a) + n(a). What is m(h)?
7
Suppose 1726*n - 1733*n = 91. Let d(s) = s**2 + 11*s - 32. What is d(n)?
-6
Suppose -16 + 31 = -5*w. Let f = -1 - w. Suppose 2*t - 20 = -f*t. Let a(z) = z - 4. What is a(t)?
1
Suppose 4*q - j - 7 = 0, 6*q - q + 5*j - 15 = 0. Suppose 0 = 3*t - 5*t - h + 8, t = -h + 4. Suppose 0 = q*x - t*x + 4. Let v(k) = -3*k - 2. What is v(x)?
-8
Let x be (-253)/(-23) + (-1 - (-1 - -1)). Let f(b) = -6*b + 15. Give f(x).
-45
Let v(c) = 4*c + 7. Let g(s) = -12*s - 20. Let k(r) = 5*g(r) + 14*v(r). Suppose 10 = t + 12. Determine k(t).
6
Let f(i) = -14*i - 20. Let b(g) = -g - 2. Let n(k) = -12*b(k) + f(k). What is n(-9)?
22
Let g(h) = -3*h. Suppose -2*w - 25 = 5*m - 8*m, -5*m - 3*w = -10. Suppose 0*b - 2*b - 5*q = -19, q = -b + m. What is g(b)?
-6
Let z(d) = -8*d + 17. Let k(g) = 7*g - 15. Let h(v) = -6*k(v